{"id":5283,"date":"2026-04-24T08:58:40","date_gmt":"2026-04-24T11:58:40","guid":{"rendered":"https:\/\/gartenrs.com.br\/produto\/enfeite-de-mesa-com-aplique-mae-voce-e-raiz-cerejeira-155x16x45\/"},"modified":"2026-04-27T16:25:18","modified_gmt":"2026-04-27T19:25:18","slug":"enfeite-de-mesa-com-aplique-mae-voce-e-raiz-cerejeira-155x16x45","status":"publish","type":"product","link":"https:\/\/gartenrs.com.br\/home\/produto\/enfeite-de-mesa-com-aplique-mae-voce-e-raiz-cerejeira-155x16x45\/","title":{"rendered":"ENFEITE DE MESA COM APLIQUE M\u00c3E, VOC\u00ca \u00c9 RAIZ&#8230;CEREJEIRA 15,5X16X4,5"},"content":{"rendered":"","protected":false},"excerpt":{"rendered":"","protected":false},"featured_media":5915,"template":"","meta":{"_joinchat":[]},"product_brand":[],"product_cat":[126],"product_tag":[],"class_list":{"0":"post-5283","1":"product","2":"type-product","3":"status-publish","4":"has-post-thumbnail","6":"product_cat-decoracao","8":"first","9":"instock","10":"shipping-taxable","11":"purchasable","12":"product-type-simple"},"_links":{"self":[{"href":"https:\/\/gartenrs.com.br\/home\/wp-json\/wp\/v2\/product\/5283","targetHints":{"allow":["GET"]}}],"collection":[{"href":"https:\/\/gartenrs.com.br\/home\/wp-json\/wp\/v2\/product"}],"about":[{"href":"https:\/\/gartenrs.com.br\/home\/wp-json\/wp\/v2\/types\/product"}],"wp:featuredmedia":[{"embeddable":true,"href":"https:\/\/gartenrs.com.br\/home\/wp-json\/wp\/v2\/media\/5915"}],"wp:attachment":[{"href":"https:\/\/gartenrs.com.br\/home\/wp-json\/wp\/v2\/media?parent=5283"}],"wp:term":[{"taxonomy":"product_brand","embeddable":true,"href":"https:\/\/gartenrs.com.br\/home\/wp-json\/wp\/v2\/product_brand?post=5283"},{"taxonomy":"product_cat","embeddable":true,"href":"https:\/\/gartenrs.com.br\/home\/wp-json\/wp\/v2\/product_cat?post=5283"},{"taxonomy":"product_tag","embeddable":true,"href":"https:\/\/gartenrs.com.br\/home\/wp-json\/wp\/v2\/product_tag?post=5283"}],"curies":[{"name":"wp","href":"https:\/\/api.w.org\/{rel}","templated":true}]}}

ENFEITE DE MESA COM APLIQUE MÃE, VOCÊ É RAIZ&#8230;CEREJEIRA 15,5X16X4,5
