{"id":5371,"date":"2026-04-24T09:02:18","date_gmt":"2026-04-24T12:02:18","guid":{"rendered":"https:\/\/gartenrs.com.br\/produto\/porta-retrato-com-elastico-e-aplique-mae-amo-voce-18x22x4\/"},"modified":"2026-04-28T10:57:09","modified_gmt":"2026-04-28T13:57:09","slug":"porta-retrato-com-elastico-e-aplique-mae-amo-voce-18x22x4","status":"publish","type":"product","link":"https:\/\/gartenrs.com.br\/home\/produto\/porta-retrato-com-elastico-e-aplique-mae-amo-voce-18x22x4\/","title":{"rendered":"PORTA-RETRATO COM EL\u00c1STICO E APLIQUE M\u00c3E AMO VOC\u00ca&#8230;18X22X4"},"content":{"rendered":"","protected":false},"excerpt":{"rendered":"","protected":false},"featured_media":6163,"template":"","meta":{"_joinchat":[]},"product_brand":[],"product_cat":[126],"product_tag":[],"class_list":{"0":"post-5371","1":"product","2":"type-product","3":"status-publish","4":"has-post-thumbnail","6":"product_cat-decoracao","8":"first","9":"instock","10":"shipping-taxable","11":"purchasable","12":"product-type-simple"},"_links":{"self":[{"href":"https:\/\/gartenrs.com.br\/home\/wp-json\/wp\/v2\/product\/5371","targetHints":{"allow":["GET"]}}],"collection":[{"href":"https:\/\/gartenrs.com.br\/home\/wp-json\/wp\/v2\/product"}],"about":[{"href":"https:\/\/gartenrs.com.br\/home\/wp-json\/wp\/v2\/types\/product"}],"wp:featuredmedia":[{"embeddable":true,"href":"https:\/\/gartenrs.com.br\/home\/wp-json\/wp\/v2\/media\/6163"}],"wp:attachment":[{"href":"https:\/\/gartenrs.com.br\/home\/wp-json\/wp\/v2\/media?parent=5371"}],"wp:term":[{"taxonomy":"product_brand","embeddable":true,"href":"https:\/\/gartenrs.com.br\/home\/wp-json\/wp\/v2\/product_brand?post=5371"},{"taxonomy":"product_cat","embeddable":true,"href":"https:\/\/gartenrs.com.br\/home\/wp-json\/wp\/v2\/product_cat?post=5371"},{"taxonomy":"product_tag","embeddable":true,"href":"https:\/\/gartenrs.com.br\/home\/wp-json\/wp\/v2\/product_tag?post=5371"}],"curies":[{"name":"wp","href":"https:\/\/api.w.org\/{rel}","templated":true}]}}

PORTA-RETRATO COM ELÁSTICO E APLIQUE MÃE AMO VOCÊ&#8230;18X22X4
