{"id":5373,"date":"2026-04-24T09:02:24","date_gmt":"2026-04-24T12:02:24","guid":{"rendered":"https:\/\/gartenrs.com.br\/produto\/porta-retrato-com-elastico-e-placa-mae-nos-somos-feitos-cerejeira-21x28x45\/"},"modified":"2026-04-27T16:28:13","modified_gmt":"2026-04-27T19:28:13","slug":"porta-retrato-com-elastico-e-placa-mae-nos-somos-feitos-cerejeira-21x28x45","status":"publish","type":"product","link":"https:\/\/gartenrs.com.br\/home\/produto\/porta-retrato-com-elastico-e-placa-mae-nos-somos-feitos-cerejeira-21x28x45\/","title":{"rendered":"PORTA-RETRATO COM EL\u00c1STICO E PLACA M\u00c3E, N\u00d3S SOMOS FEITOS&#8230;CEREJEIRA 21X28X4,5"},"content":{"rendered":"","protected":false},"excerpt":{"rendered":"","protected":false},"featured_media":5963,"template":"","meta":{"_joinchat":[]},"product_brand":[],"product_cat":[126],"product_tag":[],"class_list":{"0":"post-5373","1":"product","2":"type-product","3":"status-publish","4":"has-post-thumbnail","6":"product_cat-decoracao","8":"first","9":"instock","10":"shipping-taxable","11":"purchasable","12":"product-type-simple"},"_links":{"self":[{"href":"https:\/\/gartenrs.com.br\/home\/wp-json\/wp\/v2\/product\/5373","targetHints":{"allow":["GET"]}}],"collection":[{"href":"https:\/\/gartenrs.com.br\/home\/wp-json\/wp\/v2\/product"}],"about":[{"href":"https:\/\/gartenrs.com.br\/home\/wp-json\/wp\/v2\/types\/product"}],"wp:featuredmedia":[{"embeddable":true,"href":"https:\/\/gartenrs.com.br\/home\/wp-json\/wp\/v2\/media\/5963"}],"wp:attachment":[{"href":"https:\/\/gartenrs.com.br\/home\/wp-json\/wp\/v2\/media?parent=5373"}],"wp:term":[{"taxonomy":"product_brand","embeddable":true,"href":"https:\/\/gartenrs.com.br\/home\/wp-json\/wp\/v2\/product_brand?post=5373"},{"taxonomy":"product_cat","embeddable":true,"href":"https:\/\/gartenrs.com.br\/home\/wp-json\/wp\/v2\/product_cat?post=5373"},{"taxonomy":"product_tag","embeddable":true,"href":"https:\/\/gartenrs.com.br\/home\/wp-json\/wp\/v2\/product_tag?post=5373"}],"curies":[{"name":"wp","href":"https:\/\/api.w.org\/{rel}","templated":true}]}}

PORTA-RETRATO COM ELÁSTICO E PLACA MÃE, NÓS SOMOS FEITOS&#8230;CEREJEIRA 21X28X4,5
